{"id":408,"date":"2019-11-26T10:43:28","date_gmt":"2019-11-26T09:43:28","guid":{"rendered":"https:\/\/nourrisante.fr\/?page_id=408"},"modified":"2020-05-14T15:28:19","modified_gmt":"2020-05-14T13:28:19","slug":"contact","status":"publish","type":"page","link":"https:\/\/nourrisante.fr\/index.php\/contact\/","title":{"rendered":"Contact"},"content":{"rendered":"\t\t<div data-elementor-type=\"wp-page\" data-elementor-id=\"408\" class=\"elementor elementor-408\">\n\t\t\t\t\t\t<div class=\"elementor-inner\">\n\t\t\t\t<div class=\"elementor-section-wrap\">\n\t\t\t\t\t\t\t\t\t<section class=\"elementor-section elementor-top-section elementor-element elementor-element-3044a5fd elementor-section-boxed elementor-section-height-default elementor-section-height-default\" data-id=\"3044a5fd\" data-element_type=\"section\" data-settings=\"{&quot;background_background&quot;:&quot;classic&quot;,&quot;shape_divider_bottom&quot;:&quot;triangle&quot;,&quot;shape_divider_bottom_negative&quot;:&quot;yes&quot;}\">\n\t\t\t\t\t\t\t<div class=\"elementor-background-overlay\"><\/div>\n\t\t\t\t\t\t<div class=\"elementor-shape elementor-shape-bottom\" data-negative=\"true\">\n\t\t\t<svg xmlns=\"http:\/\/www.w3.org\/2000\/svg\" viewBox=\"0 0 1000 100\" preserveAspectRatio=\"none\">\n\t<path class=\"elementor-shape-fill\" d=\"M500.2,94.7L0,0v100h1000V0L500.2,94.7z\"\/>\n<\/svg>\t\t<\/div>\n\t\t\t\t\t<div class=\"elementor-container elementor-column-gap-default\">\n\t\t\t\t\t\t\t<div class=\"elementor-row\">\n\t\t\t\t\t<div class=\"elementor-column elementor-col-100 elementor-top-column elementor-element elementor-element-13e5d2da\" data-id=\"13e5d2da\" data-element_type=\"column\">\n\t\t\t<div class=\"elementor-column-wrap elementor-element-populated\">\n\t\t\t\t\t\t\t<div class=\"elementor-widget-wrap\">\n\t\t\t\t\t\t<div class=\"elementor-element elementor-element-6f461e91 elementor-widget elementor-widget-heading\" data-id=\"6f461e91\" data-element_type=\"widget\" data-settings=\"{&quot;_animation&quot;:&quot;none&quot;}\" data-widget_type=\"heading.default\">\n\t\t\t\t<div class=\"elementor-widget-container\">\n\t\t\t<h2 class=\"elementor-heading-title elementor-size-default\">Contacte moi <\/h2>\t\t<\/div>\n\t\t\t\t<\/div>\n\t\t\t\t\t\t<\/div>\n\t\t\t\t\t<\/div>\n\t\t<\/div>\n\t\t\t\t\t\t\t\t<\/div>\n\t\t\t\t\t<\/div>\n\t\t<\/section>\n\t\t\t\t<section class=\"elementor-section elementor-top-section elementor-element elementor-element-159a59db elementor-section-boxed elementor-section-height-default elementor-section-height-default\" data-id=\"159a59db\" data-element_type=\"section\">\n\t\t\t\t\t\t<div class=\"elementor-container elementor-column-gap-default\">\n\t\t\t\t\t\t\t<div class=\"elementor-row\">\n\t\t\t\t\t<div class=\"elementor-column elementor-col-100 elementor-top-column elementor-element elementor-element-6bf1828b\" data-id=\"6bf1828b\" data-element_type=\"column\">\n\t\t\t<div class=\"elementor-column-wrap elementor-element-populated\">\n\t\t\t\t\t\t\t<div class=\"elementor-widget-wrap\">\n\t\t\t\t\t\t<div class=\"elementor-element elementor-element-6fdb5143 elementor-widget elementor-widget-text-editor\" data-id=\"6fdb5143\" data-element_type=\"widget\" data-widget_type=\"text-editor.default\">\n\t\t\t\t<div class=\"elementor-widget-container\">\n\t\t\t\t\t\t\t\t<div class=\"elementor-text-editor elementor-clearfix\">\n\t\t\t\t<!-- wp:paragraph -->\n<p>\n<div class=\"wpcf7 no-js\" id=\"wpcf7-f1124-o1\" lang=\"fr-FR\" dir=\"ltr\">\n<div class=\"screen-reader-response\"><p role=\"status\" aria-live=\"polite\" aria-atomic=\"true\"><\/p> <ul><\/ul><\/div>\n<form action=\"\/index.php\/wp-json\/wp\/v2\/pages\/408#wpcf7-f1124-o1\" method=\"post\" class=\"wpcf7-form init\" aria-label=\"Formulaire de contact\" novalidate=\"novalidate\" data-status=\"init\">\n<div style=\"display: none;\">\n<input type=\"hidden\" name=\"_wpcf7\" value=\"1124\" \/>\n<input type=\"hidden\" name=\"_wpcf7_version\" value=\"5.7.3\" \/>\n<input type=\"hidden\" name=\"_wpcf7_locale\" value=\"fr_FR\" \/>\n<input type=\"hidden\" name=\"_wpcf7_unit_tag\" value=\"wpcf7-f1124-o1\" \/>\n<input type=\"hidden\" name=\"_wpcf7_container_post\" value=\"0\" \/>\n<input type=\"hidden\" name=\"_wpcf7_posted_data_hash\" value=\"\" \/>\n<\/div>\n<p><label> Votre nom (obligatoire)<br \/>\n<span class=\"wpcf7-form-control-wrap\" data-name=\"your-name\"><input size=\"40\" class=\"wpcf7-form-control wpcf7-text wpcf7-validates-as-required\" aria-required=\"true\" aria-invalid=\"false\" value=\"\" type=\"text\" name=\"your-name\" \/><\/span> <\/label>\n<\/p>\n<p><label> Votre adresse de messagerie (obligatoire)<br \/>\n<span class=\"wpcf7-form-control-wrap\" data-name=\"your-email\"><input size=\"40\" class=\"wpcf7-form-control wpcf7-text wpcf7-email wpcf7-validates-as-required wpcf7-validates-as-email\" aria-required=\"true\" aria-invalid=\"false\" value=\"\" type=\"email\" name=\"your-email\" \/><\/span> <\/label>\n<\/p>\n<p><label> Objet<br \/>\n<span class=\"wpcf7-form-control-wrap\" data-name=\"your-subject\"><input size=\"40\" class=\"wpcf7-form-control wpcf7-text\" aria-invalid=\"false\" value=\"\" type=\"text\" name=\"your-subject\" \/><\/span> <\/label>\n<\/p>\n<p><label> Votre message<br \/>\n<span class=\"wpcf7-form-control-wrap\" data-name=\"your-message\"><textarea cols=\"40\" rows=\"10\" class=\"wpcf7-form-control wpcf7-textarea\" aria-invalid=\"false\" name=\"your-message\"><\/textarea><\/span> <\/label>\n<\/p>\n<p><input class=\"wpcf7-form-control has-spinner wpcf7-submit\" type=\"submit\" value=\"Envoyer\" \/>\n<\/p><div class=\"wpcf7-response-output\" aria-hidden=\"true\"><\/div>\n<\/form>\n<\/div>\n<\/p>\n<!-- \/wp:paragraph -->\t\t\t\t\t<\/div>\n\t\t\t\t\t\t<\/div>\n\t\t\t\t<\/div>\n\t\t\t\t\t\t<\/div>\n\t\t\t\t\t<\/div>\n\t\t<\/div>\n\t\t\t\t\t\t\t\t<\/div>\n\t\t\t\t\t<\/div>\n\t\t<\/section>\n\t\t\t\t\t\t\t\t\t<\/div>\n\t\t\t<\/div>\n\t\t\t\t\t<\/div>\n\t\t","protected":false},"excerpt":{"rendered":"<p>Contacte moi<\/p>\n","protected":false},"author":1,"featured_media":0,"parent":0,"menu_order":0,"comment_status":"closed","ping_status":"closed","template":"","meta":{"_mi_skip_tracking":false,"site-sidebar-layout":"default","site-content-layout":"default","ast-global-header-display":"","ast-main-header-display":"","ast-hfb-above-header-display":"","ast-hfb-below-header-display":"","ast-hfb-mobile-header-display":"","site-post-title":"","ast-breadcrumbs-content":"","ast-featured-img":"","footer-sml-layout":"","theme-transparent-header-meta":"default","adv-header-id-meta":"","stick-header-meta":"","header-above-stick-meta":"","header-main-stick-meta":"","header-below-stick-meta":"","jetpack_post_was_ever_published":false},"yoast_head":"<!-- This site is optimized with the Yoast SEO plugin v20.1 - https:\/\/yoast.com\/wordpress\/plugins\/seo\/ -->\n<title>Contact - NourriSant\u00e9<\/title>\n<meta name=\"robots\" content=\"index, follow, max-snippet:-1, max-image-preview:large, max-video-preview:-1\" \/>\n<link rel=\"canonical\" href=\"https:\/\/nourrisante.fr\/index.php\/contact\/\" \/>\n<meta property=\"og:locale\" content=\"fr_FR\" \/>\n<meta property=\"og:type\" content=\"article\" \/>\n<meta property=\"og:title\" content=\"Contact - NourriSant\u00e9\" \/>\n<meta property=\"og:description\" content=\"Contacte moi\" \/>\n<meta property=\"og:url\" content=\"https:\/\/nourrisante.fr\/index.php\/contact\/\" \/>\n<meta property=\"og:site_name\" content=\"NourriSant\u00e9\" \/>\n<meta property=\"article:modified_time\" content=\"2020-05-14T13:28:19+00:00\" \/>\n<meta name=\"twitter:card\" content=\"summary_large_image\" \/>\n<script type=\"application\/ld+json\" class=\"yoast-schema-graph\">{\"@context\":\"https:\/\/schema.org\",\"@graph\":[{\"@type\":\"WebPage\",\"@id\":\"https:\/\/nourrisante.fr\/index.php\/contact\/\",\"url\":\"https:\/\/nourrisante.fr\/index.php\/contact\/\",\"name\":\"Contact - NourriSant\u00e9\",\"isPartOf\":{\"@id\":\"https:\/\/nourrisante.fr\/#website\"},\"datePublished\":\"2019-11-26T09:43:28+00:00\",\"dateModified\":\"2020-05-14T13:28:19+00:00\",\"breadcrumb\":{\"@id\":\"https:\/\/nourrisante.fr\/index.php\/contact\/#breadcrumb\"},\"inLanguage\":\"fr-FR\",\"potentialAction\":[{\"@type\":\"ReadAction\",\"target\":[\"https:\/\/nourrisante.fr\/index.php\/contact\/\"]}]},{\"@type\":\"BreadcrumbList\",\"@id\":\"https:\/\/nourrisante.fr\/index.php\/contact\/#breadcrumb\",\"itemListElement\":[{\"@type\":\"ListItem\",\"position\":1,\"name\":\"Accueil\",\"item\":\"https:\/\/nourrisante.fr\/\"},{\"@type\":\"ListItem\",\"position\":2,\"name\":\"Contact\"}]},{\"@type\":\"WebSite\",\"@id\":\"https:\/\/nourrisante.fr\/#website\",\"url\":\"https:\/\/nourrisante.fr\/\",\"name\":\"NourriSant\u00e9\",\"description\":\"Prends soin de toi !\",\"publisher\":{\"@id\":\"https:\/\/nourrisante.fr\/#organization\"},\"potentialAction\":[{\"@type\":\"SearchAction\",\"target\":{\"@type\":\"EntryPoint\",\"urlTemplate\":\"https:\/\/nourrisante.fr\/?s={search_term_string}\"},\"query-input\":\"required name=search_term_string\"}],\"inLanguage\":\"fr-FR\"},{\"@type\":\"Organization\",\"@id\":\"https:\/\/nourrisante.fr\/#organization\",\"name\":\"NourriSant\u00e9\",\"url\":\"https:\/\/nourrisante.fr\/\",\"logo\":{\"@type\":\"ImageObject\",\"inLanguage\":\"fr-FR\",\"@id\":\"https:\/\/nourrisante.fr\/#\/schema\/logo\/image\/\",\"url\":\"https:\/\/i0.wp.com\/nourrisante.fr\/wp-content\/uploads\/2020\/02\/NourriSante-2-scaled.jpg?fit=2048%2C1024&ssl=1\",\"contentUrl\":\"https:\/\/i0.wp.com\/nourrisante.fr\/wp-content\/uploads\/2020\/02\/NourriSante-2-scaled.jpg?fit=2048%2C1024&ssl=1\",\"width\":2048,\"height\":1024,\"caption\":\"NourriSant\u00e9\"},\"image\":{\"@id\":\"https:\/\/nourrisante.fr\/#\/schema\/logo\/image\/\"}}]}<\/script>\n<!-- \/ Yoast SEO plugin. -->","yoast_head_json":{"title":"Contact - NourriSant\u00e9","robots":{"index":"index","follow":"follow","max-snippet":"max-snippet:-1","max-image-preview":"max-image-preview:large","max-video-preview":"max-video-preview:-1"},"canonical":"https:\/\/nourrisante.fr\/index.php\/contact\/","og_locale":"fr_FR","og_type":"article","og_title":"Contact - NourriSant\u00e9","og_description":"Contacte moi","og_url":"https:\/\/nourrisante.fr\/index.php\/contact\/","og_site_name":"NourriSant\u00e9","article_modified_time":"2020-05-14T13:28:19+00:00","twitter_card":"summary_large_image","schema":{"@context":"https:\/\/schema.org","@graph":[{"@type":"WebPage","@id":"https:\/\/nourrisante.fr\/index.php\/contact\/","url":"https:\/\/nourrisante.fr\/index.php\/contact\/","name":"Contact - NourriSant\u00e9","isPartOf":{"@id":"https:\/\/nourrisante.fr\/#website"},"datePublished":"2019-11-26T09:43:28+00:00","dateModified":"2020-05-14T13:28:19+00:00","breadcrumb":{"@id":"https:\/\/nourrisante.fr\/index.php\/contact\/#breadcrumb"},"inLanguage":"fr-FR","potentialAction":[{"@type":"ReadAction","target":["https:\/\/nourrisante.fr\/index.php\/contact\/"]}]},{"@type":"BreadcrumbList","@id":"https:\/\/nourrisante.fr\/index.php\/contact\/#breadcrumb","itemListElement":[{"@type":"ListItem","position":1,"name":"Accueil","item":"https:\/\/nourrisante.fr\/"},{"@type":"ListItem","position":2,"name":"Contact"}]},{"@type":"WebSite","@id":"https:\/\/nourrisante.fr\/#website","url":"https:\/\/nourrisante.fr\/","name":"NourriSant\u00e9","description":"Prends soin de toi !","publisher":{"@id":"https:\/\/nourrisante.fr\/#organization"},"potentialAction":[{"@type":"SearchAction","target":{"@type":"EntryPoint","urlTemplate":"https:\/\/nourrisante.fr\/?s={search_term_string}"},"query-input":"required name=search_term_string"}],"inLanguage":"fr-FR"},{"@type":"Organization","@id":"https:\/\/nourrisante.fr\/#organization","name":"NourriSant\u00e9","url":"https:\/\/nourrisante.fr\/","logo":{"@type":"ImageObject","inLanguage":"fr-FR","@id":"https:\/\/nourrisante.fr\/#\/schema\/logo\/image\/","url":"https:\/\/i0.wp.com\/nourrisante.fr\/wp-content\/uploads\/2020\/02\/NourriSante-2-scaled.jpg?fit=2048%2C1024&ssl=1","contentUrl":"https:\/\/i0.wp.com\/nourrisante.fr\/wp-content\/uploads\/2020\/02\/NourriSante-2-scaled.jpg?fit=2048%2C1024&ssl=1","width":2048,"height":1024,"caption":"NourriSant\u00e9"},"image":{"@id":"https:\/\/nourrisante.fr\/#\/schema\/logo\/image\/"}}]}},"jetpack_shortlink":"https:\/\/wp.me\/PbnNAt-6A","jetpack_sharing_enabled":true,"jetpack_likes_enabled":true,"jetpack-related-posts":[{"id":2256,"url":"https:\/\/nourrisante.fr\/index.php\/cgu\/","url_meta":{"origin":408,"position":0},"title":"CGU","date":"05\/12\/2020","format":false,"excerpt":"Conditions g\u00e9n\u00e9rales d'utilisation En vigueur au 01\/04\/2020 Les pr\u00e9sentes conditions g\u00e9n\u00e9rales d'utilisation (dites \u00ab CGU \u00bb) ont pour objet l'encadrement juridique des modalit\u00e9s de mise \u00e0\u00a0disposition du site et des services par et de d\u00e9finir les conditions d\u2019acc\u00e8s et d\u2019utilisation des services par \u00ab l'Utilisateur \u00bb. Les pr\u00e9sentes CGU sont\u2026","rel":"","context":"Article similaire","img":{"alt_text":"","src":"","width":0,"height":0},"classes":[]},{"id":2212,"url":"https:\/\/nourrisante.fr\/index.php\/mentions-legales\/","url_meta":{"origin":408,"position":1},"title":"Mentions L\u00e9gales","date":"05\/10\/2020","format":false,"excerpt":"Mentions L\u00e9gales Conform\u00e9ment aux dispositions des articles 6-III et 19 de la Loi n\u00b0 2004-575 du 21 juin 2004 pour la Confiance dans l'\u00e9conomie num\u00e9rique, dite L.C.E.N., nous portons \u00e0 la connaissance des utilisateurs et visiteurs du site : www.nourrisante.fr les informations suivantes :1. Informations l\u00e9gales :Statut du propri\u00e9taire :\u2026","rel":"","context":"Article similaire","img":{"alt_text":"","src":"","width":0,"height":0},"classes":[]},{"id":2376,"url":"https:\/\/nourrisante.fr\/index.php\/rgpd\/","url_meta":{"origin":408,"position":2},"title":"RGPD","date":"05\/27\/2020","format":false,"excerpt":"Politique de confidentialit\u00e9 Politique de confidentialit\u00e9 (standard RGPD)S\u00e9curit\u00e9 et protection des donn\u00e9es personnellesD\u00e9finitions :L'\u00c9diteur : La personne, physique ou morale, qui \u00e9dite les services de communication au public en ligne.Le Site : L'ensemble des sites, pages Internet et services en ligne propos\u00e9s par l'\u00c9diteur.L'Utilisateur : La personne utilisant le Site\u2026","rel":"","context":"Article similaire","img":{"alt_text":"","src":"","width":0,"height":0},"classes":[]},{"id":42,"url":"https:\/\/nourrisante.fr\/index.php\/qui-suis-je\/","url_meta":{"origin":408,"position":3},"title":"Qui suis-je ?","date":"12\/02\/2019","format":false,"excerpt":"Hello et bienvenue !\u00a0Je m'appelle Marina Champagne, et je suis une passionn\u00e9e d'alimentation et de son rapport \u00e0 la sant\u00e9 ! Au cours des 10 derni\u00e8res ann\u00e9es, j'ai exp\u00e9riment\u00e9 de nombreuses fa\u00e7ons de manger, quitte parfois \u00e0 virer orthorexique. Un bien grand mot qui d\u00e9signe les personnes qui r\u00e9fl\u00e9chissent constamment\u2026","rel":"","context":"Article similaire","img":{"alt_text":"","src":"https:\/\/i0.wp.com\/nourrisante.fr\/wp-content\/uploads\/2020\/10\/117931832_1206486749705419_6288300267336117109_n.jpg?resize=350%2C200&ssl=1","width":350,"height":200},"classes":[]},{"id":2283,"url":"https:\/\/nourrisante.fr\/","url_meta":{"origin":408,"position":4},"title":"Accueil","date":"05\/27\/2020","format":false,"excerpt":"Acc\u00e9dez gratuitement au guide complet en 3 \u00e9tapes simples pour prendre soin de vous, gr\u00e2ce au premier pilier pour se sentir bien dans votre corps : l'alimentation. 15 pages de contenu pour prendre votre bien-\u00eatre en main ! Dans ce guide vous allez d\u00e9couvrir :Comment bien d\u00e9marrer une cuisine\u00a0saine avec\u2026","rel":"","context":"Article similaire","img":{"alt_text":"NourriSant\u00c3\u00a9","src":"https:\/\/i0.wp.com\/nourrisante.fr\/wp-content\/uploads\/2021\/06\/1624373837-1024x785.jpg?resize=350%2C200&ssl=1","width":350,"height":200},"classes":[]}],"_links":{"self":[{"href":"https:\/\/nourrisante.fr\/index.php\/wp-json\/wp\/v2\/pages\/408"}],"collection":[{"href":"https:\/\/nourrisante.fr\/index.php\/wp-json\/wp\/v2\/pages"}],"about":[{"href":"https:\/\/nourrisante.fr\/index.php\/wp-json\/wp\/v2\/types\/page"}],"author":[{"embeddable":true,"href":"https:\/\/nourrisante.fr\/index.php\/wp-json\/wp\/v2\/users\/1"}],"replies":[{"embeddable":true,"href":"https:\/\/nourrisante.fr\/index.php\/wp-json\/wp\/v2\/comments?post=408"}],"version-history":[{"count":3,"href":"https:\/\/nourrisante.fr\/index.php\/wp-json\/wp\/v2\/pages\/408\/revisions"}],"predecessor-version":[{"id":2315,"href":"https:\/\/nourrisante.fr\/index.php\/wp-json\/wp\/v2\/pages\/408\/revisions\/2315"}],"wp:attachment":[{"href":"https:\/\/nourrisante.fr\/index.php\/wp-json\/wp\/v2\/media?parent=408"}],"curies":[{"name":"wp","href":"https:\/\/api.w.org\/{rel}","templated":true}]}}